s divided by 645?
643
What is the remainder when 84625 is divided by 17?
16
Calculate the remainder when 1433 is divided by 669.
95
What is the remainder when 4498 is divided by 329?
221
What is the remainder when 138339 is divided by 19761?
12
Calculate the remainder when 4905 is divided by 197.
177
What is the remainder when 8453 is divided by 9?
2
What is the remainder when 11565 is divided by 579?
564
Calculate the remainder when 4032586 is divided by 42.
40
Calculate the remainder when 170769 is divided by 6.
3
What is the remainder when 12643 is divided by 50?
43
Calculate the remainder when 336248 is divided by 269.
267
Calculate the remainder when 11172 is divided by 636.
360
What is the remainder when 1620 is divided by 66?
36
Calculate the remainder when 500161 is divided by 371.
53
Calculate the remainder when 171358 is divided by 102.
100
What is the remainder when 18713 is divided by 197?
195
Calculate the remainder when 773685 is divided by 42982.
9
What is the remainder when 651833 is divided by 356?
353
Calculate the remainder when 3224856 is divided by 1746.
1740
Calculate the remainder when 10665 is divided by 31.
1
What is the remainder when 48848 is divided by 197?
189
What is the remainder when 5687 is divided by 174?
119
What is the remainder when 15586 is divided by 62?
24
What is the remainder when 36689 is divided by 496?
481
What is the remainder when 2328 is divided by 779?
770
Calculate the remainder when 84237 is divided by 15.
12
Calculate the remainder when 2015 is divided by 674.
667
Calculate the remainder when 35206 is divided by 291.
286
Calculate the remainder when 3391 is divided by 1125.
16
Calculate the remainder when 39415 is divided by 4922.
39
Calculate the remainder when 33044 is divided by 306.
302
Calculate the remainder when 12737 is divided by 42.
11
What is the remainder when 896 is divided by 114?
98
What is the remainder when 8501 is divided by 2832?
5
What is the remainder when 217682 is divided by 5?
2
What is the remainder when 41961 is divided by 67?
19
What is the remainder when 78039 is divided by 218?
213
What is the remainder when 942 is divided by 490?
452
What is the remainder when 394 is divided by 173?
48
What is the remainder when 26827 is divided by 8936?
19
What is the remainder when 532 is divided by 272?
260
Calculate the remainder when 12614 is divided by 359.
49
What is the remainder when 25937 is divided by 6479?
21
What is the remainder when 3335 is divided by 286?
189
What is the remainder when 523 is divided by 179?
165
What is the remainder when 10062 is divided by 398?
112
Calculate the remainder when 1660 is divided by 16.
12
Calculate the remainder when 67674 is divided by 3561.
15
Calculate the remainder when 37614 is divided by 285.
279
What is the remainder when 7037 is divided by 128?
125
What is the remainder when 1667 is divided by 554?
5
What is the remainder when 1005 is divided by 401?
203
What is the remainder when 27744 is divided by 141?
108
Calculate the remainder when 46031 is divided by 48.
47
What is the remainder when 21411 is divided by 21401?
10
Calculate the remainder when 227475 is divided by 485.
10
What is the remainder when 7291 is divided by 466?
301
Calculate the remainder when 4305 is divided by 4296.
9
What is the remainder when 8845 is divided by 736?
13
Calculate the remainder when 94297 is divided by 36.
13
Calculate the remainder when 6436 is divided by 2125.
61
Calculate the remainder when 4527 is divided by 60.
27
What is the remainder when 6391 is divided by 447?
133
Calculate the remainder when 3354 is divided by 1583.
188
What is the remainder when 15962 is divided by 515?
512
Calculate the remainder when 474937 is divided by 113.
111
Calculate the remainder when 28353 is divided by 643.
61
What is the remainder when 54244 is divided by 95?
94
Calculate the remainder when 2958 is divided by 732.
30
Calculate the remainder when 3761 is divided by 292.
257
What is the remainder when 925 is divided by 104?
93
Calculate the remainder when 5163 is divided by 117.
15
Calculate the remainder when 14656 is divided by 57.
7
What is the remainder when 18080 is divided by 49?
48
Calculate the remainder when 49437 is divided by 503.
143
What is the remainder when 5851 is divided by 1928?
67
Calculate the remainder when 58492 is divided by 36.
28
Calculate the remainder when 6607 is divided by 6466.
141
What is the remainder when 99481 is divided by 6215?
41
What is the remainder when 2018 is divided by 46?
40
Calculate the remainder when 7271 is divided by 403.
17
What is the remainder when 43094 is divided by 66?
62
Calculate the remainder when 10914 is divided by 103.
99
Calculate the remainder when 2425 is divided by 806.
7
What is the remainder when 83751 is divided by 226?
131
Calculate the remainder when 2226 is divided by 26.
16
What is the remainder when 523743 is divided by 261863?
17
Calculate the remainder when 4747 is divided by 18.
13
What is the remainder when 6242 is divided by 325?
67
What is the remainder when 15537 is divided by 740?
737
Calculate the remainder when 1777717 is divided by 1039.
1027
What is the remainder when 16405 is divided by 135?
70
Calculate the remainder when 6542 is divided by 1137.
857
What is the remainder when 233814 is divided by 73?
68
Calculate the remainder when 2582 is divided by 1481.
1101
What is the remainder when 1157 is divided by 67?
18
What is the remainder when 70343 is divided by 469?
462
Calculate the remainder when 27851 is divided by 5568.
11
What is the remainder when 18315 is divided by 1203?
270
Calculate the remainder when 4759 is divided by 4555.
204
Calculate the remainder when 151269 is divided by 396.
393
What is the remainder when 1412 is divided by 168?
68
What is the remainder when 3312 is divided by 811?
68
Calculate the remainder when 144877 is divided by 5174.
5
What is the remainder when 2327 is divided by 38?
9
What is the remainder when 18545 is divided by 112?
65
Calculate the remainder when 168024 is divided by 47.
46
What is the remainder when 11280 is divided by 3755?
15
Calculate the remainder when 10257 is divided by 12.
9
Calculate the remainder when 75250 is divided by 20.
10
What is the remainder when 465045 is divided by 14?
7
Calculate the remainder when 2597 is divided by 200.
197
Calculate the remainder when 62706 is divided by 54.
12
What is the remainder when 76824 is divided by 27?
9
Calculate the remainder when 75816 is divided by 75.
66
Calculate the remainder when 333969 is divided by 305.
299
What is the remainder when 3348 is divided by 134?
132
Calculate the remainder when 2423 is divided by 25.
23
Calculate the remainder when 577579 is divided by 764.
759
What is the remainder when 72659 is divided by 31?
26
Calculate the remainder when 2844 is divided by 15.
9
Calculate the remainder when 532227 is divided by 314.
311
What is the remainder when 41854 is divided by 1394?
34
Calculate the remainder when 7962 is divided by 128.
26
What is the remainder when 1129 is divided by 371?
16
What is the remainder when 2535 is divided by 2393?
142
What is the remainder when 91272 is divided by 972?
876
Calculate the remainder when 6379 is divided by 60.
19
What is the remainder when 12418 is divided by 214?
6
What is the remainder when 103034 is divided by 17?
14
Calculate the remainder when 3718 is divided by 3628.
90
What is the remainder when 61802 is divided by 14?
6
What is the remainder when 20241 is divided by 184?
1
What is the remainder when 200320 is divided by 18?
16
What is the remainder when 1164 is divided by 315?
219
Calculate the remainder when 18411 is divided by 174.
141
What is the remainder when 3339 is divided by 38?
33
Calculate the remainder when 15456 is divided by 454.
20
What is the remainder when 28546 is divided by 135?
61
Calculate the remainder when 111200 is divided by 12.
8
Calculate the remainder when 2481 is divided by 192.
177
What is the remainder when 5383 is divided by 180?
163
Calculate the remainder when 184456 is divided by 433.
431
What is the remainder when 2474 is divided by 967?
540
What is the remainder when 3570 is divided by 3464?
106
What is the remainder when 1877 is divided by 94?
91
What is the rema